{"id":650,"date":"2014-07-07T11:27:52","date_gmt":"2014-07-07T14:27:52","guid":{"rendered":"http:\/\/gpaq.relevantes.com.br\/?page_id=650"},"modified":"2024-07-08T17:44:28","modified_gmt":"2024-07-08T20:44:28","slug":"links","status":"publish","type":"page","link":"https:\/\/gpaq.com.br\/?page_id=650","title":{"rendered":"Links"},"content":{"rendered":"<p>[et_pb_section fb_built=&#8221;1&#8243; fullwidth=&#8221;on&#8221; _builder_version=&#8221;3.22.7&#8243;][et_pb_fullwidth_header background_color=&#8221;#0c71c3&#8243; title=&#8221;LINKS&#8221; _builder_version=&#8221;3.22.7&#8243; title_font=&#8221;||||||||&#8221; title_text_align=&#8221;center&#8221; content_font=&#8221;||||||||&#8221;][\/et_pb_fullwidth_header][\/et_pb_section][et_pb_section fb_built=&#8221;1&#8243; admin_label=&#8221;section&#8221; _builder_version=&#8221;3.22.3&#8243;][et_pb_row admin_label=&#8221;row&#8221; _builder_version=&#8221;3.22.3&#8243; background_size=&#8221;initial&#8221; background_position=&#8221;top_left&#8221; background_repeat=&#8221;repeat&#8221;][et_pb_column type=&#8221;4_4&#8243; _builder_version=&#8221;3.0.47&#8243;][et_pb_text admin_label=&#8221;Text&#8221; _builder_version=&#8221;3.0.74&#8243; background_size=&#8221;initial&#8221; background_position=&#8221;top_left&#8221; background_repeat=&#8221;repeat&#8221;]<\/p>\n<p><span style=\"font-size: 14px;\">ACSM \u2013 <\/span><a href=\"http:\/\/www.acsm.org\/\" style=\"font-size: 14px;\">www.acsm.org<\/a><span style=\"font-size: 14px;\"> &#8211; American College of Sports Medicine<\/span><\/p>\n<p>Active living research &#8211; <a href=\"http:\/\/activelivingresearch.org\/\">www.activelivingresearch.org<\/a>\u00a0&#8211; Active Living Research<\/p>\n<p>APHA &#8211;\u00a0<a href=\"https:\/\/www.apha.org\/\">www.apha.org<\/a>\u00a0&#8211; American Public Health Association<\/p>\n<p>CDC \u2013<a href=\"http:\/\/www.cdc.gov\/\"> www.cdc.gov<\/a> &#8211;\u00a0Centers for Disease Control and Prevention<\/p>\n<p>CELAFISCS \u2013 <a href=\"http:\/\/www.celafiscs.org.br\/\">www.celafiscs.org.br<\/a> &#8211;\u00a0Centro de Estudos do Laborat\u00f3rio de Aptid\u00e3o F\u00edsica de S\u00e3o Caetano do Sul<\/p>\n<p>Global PA \u2013 <a href=\"http:\/\/www.globalpa.org.uk\/\">www.globalpa.org.uk<\/a> &#8211;\u00a0Global Advocacy for Physical Activity \u2013 Advocacy Council for ISPAH<\/p>\n<p>Global PA Net \u2013 <a href=\"http:\/\/www.globalpanet.com\/\">www.globalpanet.com<\/a> &#8211;\u00a0Global Physical Activity Network<\/p>\n<p>GOPA &#8211;\u00a0<a href=\"http:\/\/www.globalphysicalactivityobservatory.com\/\">www.globalphysicalactivityobservatory.com<\/a>\u00a0&#8211; Global Observatory for Physical Activity<\/p>\n<p>IPEN \u2013 <a href=\"http:\/\/www.ipenproject.org\/\">www.ipenproject.org<\/a> &#8211;\u00a0International Physical Activity and the Environment Network<\/p>\n<p>IPPUC &#8211;\u00a0<a href=\"http:\/\/www.ippuc.org.br\/\">www.ippuc.org.br<\/a>\u00a0&#8211;\u00a0Instituto de Pesquisa e Planejamento Urbano de Curitiba<\/p>\n<p>ISBNPA \u2013 <a href=\"https:\/\/www.isbnpa.org\/\">www.isbnpa.org<\/a> &#8211;\u00a0International Society of Behavioral Nutrition and Physical Activity<\/p>\n<p>ISOQOL \u2013<a href=\"http:\/\/www.isoqol.org\/\"> www.isoqol.org<\/a> &#8211;\u00a0International Society for Quality of Life Research<\/p>\n<p>ISPAH \u2013 <a href=\"http:\/\/www.ispah.org\/\">www.ispah.org<\/a> &#8211;\u00a0International Society for Physical Activity and Health<\/p>\n<p>IUHPE \u2013 <a href=\"http:\/\/www.iuhpe.org\/index.php\/en\/\">www.iuhpe.org<\/a> &#8211;\u00a0The International Union for Health Promotion and Education<\/p>\n<p>MS \u2013 \u00a0<a href=\"http:\/\/portalsaude.saude.gov.br\/\">portalsaude.saude.gov.br<\/a>\u00a0&#8211; Minist\u00e9rio da Sa\u00fade \u2013 Brasil<\/p>\n<p>NIH \u2013 <a href=\"https:\/\/www.nih.gov\/\">www.nih.gov<\/a> &#8211;\u00a0National Institutes of Health<\/p>\n<p>PAHO \u2013 <a href=\"http:\/\/www.paho.org\/hq\/\">www.paho.org<\/a> &#8211;\u00a0Organizaci\u00f3n Panamericana de la Salud<\/p>\n<p>SBAFS &#8211; <a href=\"http:\/\/www.sbafs.org.br\/\">www.sbafs.org.br<\/a>\u00a0&#8211;\u00a0Sociedade Brasileira de Atividade F\u00edsica e Sa\u00fade<\/p>\n<p>WHO \u2013 <a href=\"http:\/\/www.who.int\/en\/\">www.who.int<\/a> &#8211;\u00a0World Health Organization<\/p>\n<p>[\/et_pb_text][\/et_pb_column][\/et_pb_row][\/et_pb_section]<\/p>\n","protected":false},"excerpt":{"rendered":"<p>[et_pb_section fb_built=&#8221;1&#8243; fullwidth=&#8221;on&#8221; _builder_version=&#8221;3.22.7&#8243;][et_pb_fullwidth_header background_color=&#8221;#0c71c3&#8243; title=&#8221;LINKS&#8221; _builder_version=&#8221;3.22.7&#8243; title_font=&#8221;||||||||&#8221; title_text_align=&#8221;center&#8221; content_font=&#8221;||||||||&#8221;][\/et_pb_fullwidth_header][\/et_pb_section][et_pb_section fb_built=&#8221;1&#8243; admin_label=&#8221;section&#8221; _builder_version=&#8221;3.22.3&#8243;][et_pb_row admin_label=&#8221;row&#8221; _builder_version=&#8221;3.22.3&#8243; background_size=&#8221;initial&#8221; background_position=&#8221;top_left&#8221; background_repeat=&#8221;repeat&#8221;][et_pb_column type=&#8221;4_4&#8243; _builder_version=&#8221;3.0.47&#8243;][et_pb_text admin_label=&#8221;Text&#8221; _builder_version=&#8221;3.0.74&#8243; background_size=&#8221;initial&#8221; background_position=&#8221;top_left&#8221; background_repeat=&#8221;repeat&#8221;] ACSM \u2013 www.acsm.org &#8211; American College of Sports Medicine Active living research &#8211; www.activelivingresearch.org\u00a0&#8211; Active Living Research APHA &#8211;\u00a0www.apha.org\u00a0&#8211; American Public Health Association CDC \u2013 www.cdc.gov &#8211;\u00a0Centers for Disease Control [&hellip;]<\/p>\n","protected":false},"author":3,"featured_media":0,"parent":0,"menu_order":0,"comment_status":"open","ping_status":"open","template":"","meta":{"_et_pb_use_builder":"on","_et_pb_old_content":"O Grupo de Pesquisa em Atividade F\u00edsica e Qualidade de Vida \u2013 GPAQ indica alguns links de interesse:\r\n\r\n&nbsp;\r\n\r\nACSM \u2013 <a href=\"http:\/\/www.acsm.org\/\">www.acsm.org<\/a> - American College of Sports Medicine\r\n\r\nActive living research - <a href=\"http:\/\/activelivingresearch.org\/\">www.activelivingresearch.org<\/a>\u00a0- Active Living Research\r\n\r\nAPHA -\u00a0<a href=\"https:\/\/www.apha.org\/\">www.apha.org<\/a>\u00a0- American Public Health Association\r\n\r\nCDC \u2013<a href=\"http:\/\/www.cdc.gov\/\"> www.cdc.gov<\/a> -\u00a0Centers for Disease Control and Prevention\r\n\r\nCELAFISCS \u2013 <a href=\"http:\/\/www.celafiscs.org.br\/\">www.celafiscs.org.br<\/a> -\u00a0Centro de Estudos do Laborat\u00f3rio de Aptid\u00e3o F\u00edsica de S\u00e3o Caetano do Sul\r\n\r\nGlobal PA \u2013 <a href=\"http:\/\/www.globalpa.org.uk\/\">www.globalpa.org.uk<\/a> -\u00a0Global Advocacy for Physical Activity \u2013 Advocacy Council for ISPAH\r\n\r\nGlobal PA Net \u2013 <a href=\"http:\/\/www.globalpanet.com\/\">www.globalpanet.com<\/a> -\u00a0Global Physical Activity Network\r\n\r\nGOPA -\u00a0<a href=\"http:\/\/www.globalphysicalactivityobservatory.com\/\">www.globalphysicalactivityobservatory.com<\/a>\u00a0- Global Observatory for Physical Activity\r\n\r\nIPEN \u2013 <a href=\"http:\/\/www.ipenproject.org\/\">www.ipenproject.org<\/a> -\u00a0International Physical Activity and the Environment Network\r\n\r\nIPPUC -\u00a0<a href=\"http:\/\/www.ippuc.org.br\/\">www.ippuc.org.br<\/a>\u00a0-\u00a0Instituto de Pesquisa e Planejamento Urbano de Curitiba\r\n\r\nISBNPA \u2013 <a href=\"https:\/\/www.isbnpa.org\/\">www.isbnpa.org<\/a> -\u00a0International Society of Behavioral Nutrition and Physical Activity\r\n\r\nISOQOL \u2013<a href=\"http:\/\/www.isoqol.org\/\"> www.isoqol.org<\/a> -\u00a0International Society for Quality of Life Research\r\n\r\nISPAH \u2013 <a href=\"http:\/\/www.ispah.org\/\">www.ispah.org<\/a> -\u00a0International Society for Physical Activity and Health\r\n\r\nIUHPE \u2013 <a href=\"http:\/\/www.iuhpe.org\/index.php\/en\/\">www.iuhpe.org<\/a> -\u00a0The International Union for Health Promotion and Education\r\n\r\nMS \u2013 \u00a0<a href=\"http:\/\/portalsaude.saude.gov.br\/\">portalsaude.saude.gov.br<\/a>\u00a0- Minist\u00e9rio da Sa\u00fade \u2013 Brasil\r\n\r\nNIH \u2013 <a href=\"https:\/\/www.nih.gov\/\">www.nih.gov<\/a> -\u00a0National Institutes of Health\r\n\r\nPAHO \u2013 <a href=\"http:\/\/www.paho.org\/hq\/\">www.paho.org<\/a> -\u00a0Organizaci\u00f3n Panamericana de la Salud\r\n\r\nSBAFS - <a href=\"http:\/\/www.sbafs.org.br\/\">www.sbafs.org.br<\/a>\u00a0-\u00a0Sociedade Brasileira de Atividade F\u00edsica e Sa\u00fade\r\n\r\nWHO \u2013 <a href=\"http:\/\/www.who.int\/en\/\">www.who.int<\/a> -\u00a0World Health Organization","footnotes":""},"class_list":["post-650","page","type-page","status-publish","hentry"],"_links":{"self":[{"href":"https:\/\/gpaq.com.br\/index.php?rest_route=\/wp\/v2\/pages\/650","targetHints":{"allow":["GET"]}}],"collection":[{"href":"https:\/\/gpaq.com.br\/index.php?rest_route=\/wp\/v2\/pages"}],"about":[{"href":"https:\/\/gpaq.com.br\/index.php?rest_route=\/wp\/v2\/types\/page"}],"author":[{"embeddable":true,"href":"https:\/\/gpaq.com.br\/index.php?rest_route=\/wp\/v2\/users\/3"}],"replies":[{"embeddable":true,"href":"https:\/\/gpaq.com.br\/index.php?rest_route=%2Fwp%2Fv2%2Fcomments&post=650"}],"version-history":[{"count":2,"href":"https:\/\/gpaq.com.br\/index.php?rest_route=\/wp\/v2\/pages\/650\/revisions"}],"predecessor-version":[{"id":3388,"href":"https:\/\/gpaq.com.br\/index.php?rest_route=\/wp\/v2\/pages\/650\/revisions\/3388"}],"wp:attachment":[{"href":"https:\/\/gpaq.com.br\/index.php?rest_route=%2Fwp%2Fv2%2Fmedia&parent=650"}],"curies":[{"name":"wp","href":"https:\/\/api.w.org\/{rel}","templated":true}]}}